alculate the remainder when 41 is divided by (-180)/8*2/(-3).
11
Suppose -3*j = 2*z - 4, -3*j - z + 1 = 4*z. Let h(w) = 2 - 1 + 2*w**3 + j*w**2 + 0*w**3 - 2*w. Calculate the remainder when h(1) is divided by 2.
1
Suppose -34 = -3*w - 4. Suppose 2*v + v - 202 = 5*b, v - 3*b - 66 = 0. Let i = v - 41. Calculate the remainder when i is divided by w.
8
Let l = 7 - 0. Suppose 2*y + 8 = 16. What is the remainder when l is divided by y?
3
Let s(d) = 7*d**2 - 5*d + 2. What is the remainder when 118 is divided by s(2)?
18
Let p(q) = q**3 + q**2 - 3*q - 1. Let j be p(3). Suppose -4*l - 3*z + j = -155, -3*l - 2*z = -136. Calculate the remainder when l is divided by 12.
10
Let m(o) = o**3 + 6*o**2 + o - 4. What is the remainder when 47 is divided by m(-2)?
7
Suppose 3*q - 5*d - 736 = 0, -d = -q + 310 - 68. What is the remainder when q is divided by 60?
57
Suppose 5*j - 33 - 87 = 0. Suppose -52 = -4*w + j. Calculate the remainder when w is divided by 7.
5
Suppose -2*v = -5*v + 6. What is the remainder when 2 is divided by v?
0
Suppose 0 = 3*r + 3*y + 324, r + 5*y + 33 = -75. What is the remainder when (r/(-16))/(2/16) is divided by 19?
16
Suppose 2*o = -o + 84. Let x = o + -9. Let f(d) = 10*d**2 - d + 1. Calculate the remainder when x is divided by f(1).
9
Let j(c) = -c + 40. Let y be j(0). Suppose 2*u + 2*u = y. What is the remainder when 28 is divided by u?
8
Let j = -102 - -133. Let a(b) = b**3 - b**2 - 3*b - 3. Let t be a(3). Let p = t - -2. What is the remainder when j is divided by p?
7
Let v = 236 - 187. Calculate the remainder when v is divided by 25.
24
Suppose -2*z = -z + 14. What is the remainder when (-4)/14 + (-620)/z is divided by 9?
8
Let x be 2/10 + (-16)/5. Suppose -5*l + 18 = -37. Calculate the remainder when l is divided by (3/9)/(x/(-63)).
4
Let i(y) = y**3 - 6*y**2 + 5*y + 6. Let a be i(5). Suppose -19 = -5*q + a. Calculate the remainder when 19 is divided by q.
4
Let k = 6 - 2. Let j = -21 - -39. What is the remainder when j is divided by k?
2
Let x(r) = -r**3 - 11*r**2 + 10*r + 6. What is the remainder when x(-12) is divided by 11?
8
What is the remainder when 18 - 8 - (-2)/2 is divided by 7?
4
Suppose 0 = 13*f - 150 - 32. What is the remainder when 48 is divided by f?
6
Let t(u) = 17*u**2 + 2*u - 3. What is the remainder when t(2) is divided by 18?
15
Let f(m) = m**3 + 9*m**2 + 4*m - 5. Calculate the remainder when f(-8) is divided by (-3)/21 - 100/(-14).
6
Suppose 5*c = -2*x + 71, -2*x + c - 74 = -5*x. Suppose -50*f = 1385 - 4785. What is the remainder when f is divided by x?
22
Suppose -6*s + 48 = -0*s. Calculate the remainder when 29 is divided by s.
5
Suppose -4*i + 10 + 62 = 4*y, 117 = 5*i - 4*y. Let c(q) = -q**3 + 4*q**2 + q + 1. Let w be c(3). Let f = w + -5. What is the remainder when i is divided by f?
5
Suppose 0 = 2*p - 10 - 38. Suppose 0 = 5*z - 5*v - 25, 0 = -z + 6*z + v - 7. What is the remainder when (2 + -117)*z/(-5) is divided by p?
22
Let y(q) = -q**3 + 8*q**2 + 7*q + 9. Let w be y(8). Suppose 2*s - 7*s = -w. Calculate the remainder when 23 is divided by s.
10
Suppose 79 = 3*i - f + 3*f, 0 = -i + 4*f + 17. What is the remainder when i is divided by 9?
7
Let y(j) be the third derivative of j**6/120 - 7*j**5/60 + j**4/4 + j**3 - j**2. What is the remainder when 20 - (-6 + 2 + 1) is divided by y(6)?
5
Let d(c) = c**2 - 2*c + 2. Calculate the remainder when 16 is divided by d(4).
6
Let p be -1 - (2 - -2) - -2. Calculate the remainder when (-1)/((-3)/p) - -6 is divided by 3.
2
Let h be (0 + 0)/(6 - 7). Suppose -t - 4*v + 21 = h, -t - 2*v + 30 = t. What is the remainder when 38 is divided by t?
12
What is the remainder when -2 - (-327)/15 - 8/10 is divided by 10?
9
Suppose -6 = 3*z, -8*o + 2*z + 4 = -4*o. Suppose 0 = 4*m + 3*y - 84, o = -6*y + 3*y + 12. What is the remainder when 33 is divided by m?
15
Suppose 2*k - 3 = -k + 4*j, 0 = 2*j. What is the remainder when ((-67)/3)/(2/(-6)) is divided by 5 + 18 - (1 - k)?
21
Let v(u) = -9*u - u + 2*u. Let h = 104 - 58. What is the remainder when h is divided by v(-2)?
14
Let j = -16 - -20. What is the remainder when 67 is divided by (-9)/12 - (-95)/j?
21
Let i = -41 - -21. Let o = 42 + i. Suppose 3*q - 24 = q. What is the remainder when o is divided by q?
10
Let q be ((-1)/2)/(3/42). Let y = q - -12. Let c(x) = -x**3 + 5*x**2 + 6*x - 2. Calculate the remainder when c(y) is divided by 10.
8
Let x(t) = 5*t**3. Let n be x(1). Suppose -i + n*i = 72. What is the remainder when i is divided by 7?
4
Suppose -3*a + 4 = -2. Suppose 4*g - p - 23 = 0, -a*p = p + 9. Suppose -17 = -3*r + 10. What is the remainder when r is divided by g?
4
Let w = 109 + -99. What is the remainder when 35 is divided by w?
5
Suppose 2*k + 56 = 2*x - 4, x - 2*k - 31 = 0. Let u = -9 - -17. Calculate the remainder when x is divided by u.
5
Calculate the remainder when 40 + 1 - (-6 - -5) is divided by 16.
10
Let j = 44 + -34. Let m be ((-4)/(-6))/(2/6). Suppose 18 = m*g - g. Calculate the remainder when g is divided by j.
8
Let s(x) = -5*x - 8. What is the remainder when s(-8) is divided by 12?
8
Let h(n) = -n**2 - 32*n - 6. Calculate the remainder when h(-29) is divided by 28.
25
Suppose -4*u + 63 = 15. Let j = -45 + 68. What is the remainder when j is divided by u?
11
Let n(o) = 3*o - 5. Let i be n(9). Let c be (-4)/(-10) + i/(-5). Let m = c + 7. What is the remainder when m is divided by 2?
1
Let v = -7 - -84. Calculate the remainder when v is divided by 29.
19
Suppose -6*l = -l - 170. Let h(n) = -n + 18. Calculate the remainder when l is divided by h(0).
16
Let a = 170 - 125. Calculate the remainder when 224 is divided by a.
44
Let y = 83 + -59. Suppose -63 - 42 = -3*w. Suppose -2*x + 105 + w = 0. What is the remainder when x is divided by y?
22
Let n = -20 + 43. What is the remainder when 43 is divided by n?
20
Suppose 0 = 2*j - 28 - 36. What is the remainder when ((-6)/(-4))/(3/j) is divided by 9?
7
What is the remainder when 77 is divided by 5*((-15)/(-5) + 1)?
17
Let s(k) = -13*k**3 + k**2 + 2*k + 1. Let w = -3 + 2. Let h = 4 + 3. Calculate the remainder when s(w) is divided by h.
6
Suppose -l - 9 = 2*i - 0*i, 0 = 4*i + 5*l + 15. Let x(m) = -m - 1. Let f be x(i). Suppose 2*b = -0*b + f. What is the remainder when 6 is divided by b?
0
Let k(r) = r**2 - 4*r + 6. Let c = 8 + -12. Let w(y) = -y**3 - 3*y**2 - 4*y - 1. What is the remainder when w(c) is divided by k(5)?
9
What is the remainder when 99/2 + 1/2 is divided by 13?
11
Let z(j) = -3*j**2 - 9*j + 6. Let c(p) = -p**2 + 1. Let g(s) = -4*c(s) + z(s). Let m be g(8). Calculate the remainder when 20 is divided by 15/2 + 3/m.
6
Suppose 0 = 3*v - 6*v. Suppose v*z + 2*z = 72. What is the remainder when z is divided by (0 - -2) + 18 + -1?
17
Let l(b) be the second derivative of 5*b**3/6 - 2*b**2 + b. Suppose 0 = -3*h - 5 + 14. Calculate the remainder when 21 is divided by l(h).
10
Suppose -2 - 12 = -h. Suppose -8 = -0*t - 4*t. Suppose 5 = -f + t*f. What is the remainder when h is divided by f?
4
Let b = -21 - -27. Let g = 20 + -3. What is the remainder when g is divided by b?
5
Let g be (3 + 2)*(0 - -1). Let l = g + -5. Suppose u + l + 1 = 0, 0 = 5*i + 4*u - 106. Calculate the remainder when i is divided by 12.
10
Let p(u) = -u**3 - 10*u**2 - 14*u + 4. Calculate the remainder when p(-10) is divided by 29.
28
Let v = 13 - 2. Suppose 4*z = -z + 15. Calculate the remainder when v is divided by z.
2
Let w(a) = 10*a - 11. Let u(f) = f - 1. Let b(g) = -22*u(g) + 2*w(g). Let r(o) = 3*o**2 - 3*o + 1. Calculate the remainder when b(-6) is divided by r(2).
5
Let q = 15 - 25. Let t(a) = 2*a**2 - 3*a - 3. Let k be t(5). Let w = k + q. What is the remainder when w is divided by 8?
6
Suppose -2*s - 19 = -3*s. What is the remainder when s is divided by 10?
9
What is the remainder when (-106)/(-4) + (-57)/38 is divided by 10?
5
Suppose -2*s - 2*s = -72. Let d = -9 + s. Let m = 49 - 33. Calculate the remainder when m is divided by d.
7
Let z be ((-2)/(-6))/((-1)/(-15)). Let d(n) = -z*n + n - 4 - 1 - 3*n. Calculate the remainder when d(-5) is divided by 16.
14
Let s be 6/(-9) - (-646)/6. Suppose -s = -3*t + 82. Calculate the remainder when t is divided by 16.
15
Let b = -9 + 9. Suppose 0 = -x - b*w + 2*w + 8, 4*w + 28 = 5*x. Suppose 0 = y - x*y + 18. Calculate the remainder w